{"id":1642,"date":"2021-04-30T09:09:40","date_gmt":"2021-04-30T07:09:40","guid":{"rendered":"https:\/\/jmknudsensvej.dk\/?page_id=1642"},"modified":"2021-04-30T09:09:40","modified_gmt":"2021-04-30T07:09:40","slug":"aarsregnskab","status":"publish","type":"page","link":"https:\/\/jmknudsensvej.dk\/?page_id=1642","title":{"rendered":"\u00c5rsregnskab"},"content":{"rendered":"\n<p><a href=\"http:\/\/jmknudsensvej.dk\/wp-content\/uploads\/2021\/04\/aarsregnskab-Generalforsamling-JMK-vej-2020-Signed.pdf\">\u00c5rsregnskab 2020<\/a><\/p>\n\n\n\n<p><a href=\"http:\/\/jmknudsensvej.dk\/wp-content\/uploads\/2020\/10\/JMK-regnskab-2019.pdf\">\u00c5rsregnskab 2019<\/a><\/p>\n\n\n\n<p><a href=\"http:\/\/jmknudsensvej.dk\/wp-content\/uploads\/2014\/05\/JMK-regnskab-2018.pdf\">\u00c5rsregnskab 2018<\/a><\/p>\n\n\n\n<p><a href=\"http:\/\/jmknudsensvej.dk\/wp-content\/uploads\/2014\/05\/JMK-regnskab-2017.pdf\">\u00c5rsregnskab 2017<\/a><\/p>\n\n\n\n<p><a href=\"http:\/\/jmknudsensvej.dk\/wp-content\/uploads\/2014\/05\/JMK-Regnskab-2016.pdf\">\u00c5rsregnskab&nbsp;2016<\/a><\/p>\n\n\n\n<p><a href=\"http:\/\/jmknudsensvej.dk\/wp-content\/uploads\/2014\/05\/Regnskab-2015-JMK-Vej.pdf\" target=\"_blank\" rel=\"noreferrer noopener\">\u00c5rsregnskab 2015<\/a><\/p>\n\n\n\n<p><a href=\"http:\/\/jmknudsensvej.dk\/wp-content\/uploads\/2015\/03\/regnskab-2014.pdf\" target=\"_blank\" rel=\"noreferrer noopener\">\u00c5rsregnskab 2014<\/a><\/p>\n\n\n\n<p><a href=\"http:\/\/jmknudsensvej.dk\/wp-content\/uploads\/2014\/05\/regnskab-2013.pdf\" target=\"_blank\" rel=\"noreferrer noopener\">\u00c5rsregnskab 2013<\/a><\/p>\n\n\n\n<p><a href=\"http:\/\/jmknudsensvej.dk\/wp-content\/uploads\/2014\/05\/%C3%A5rsregnskab-2012.pdf\" target=\"_blank\" rel=\"noreferrer noopener\">\u00c5rsregnskab 2012<\/a><\/p>\n","protected":false},"excerpt":{"rendered":"<p>\u00c5rsregnskab 2020 \u00c5rsregnskab 2019 \u00c5rsregnskab 2018 \u00c5rsregnskab 2017 \u00c5rsregnskab&nbsp;2016 \u00c5rsregnskab 2015 \u00c5rsregnskab 2014 \u00c5rsregnskab 2013 \u00c5rsregnskab 2012<\/p>\n","protected":false},"author":4,"featured_media":0,"parent":0,"menu_order":0,"comment_status":"closed","ping_status":"closed","template":"","meta":{"footnotes":""},"class_list":["post-1642","page","type-page","status-publish","hentry"],"_links":{"self":[{"href":"https:\/\/jmknudsensvej.dk\/index.php?rest_route=\/wp\/v2\/pages\/1642","targetHints":{"allow":["GET"]}}],"collection":[{"href":"https:\/\/jmknudsensvej.dk\/index.php?rest_route=\/wp\/v2\/pages"}],"about":[{"href":"https:\/\/jmknudsensvej.dk\/index.php?rest_route=\/wp\/v2\/types\/page"}],"author":[{"embeddable":true,"href":"https:\/\/jmknudsensvej.dk\/index.php?rest_route=\/wp\/v2\/users\/4"}],"replies":[{"embeddable":true,"href":"https:\/\/jmknudsensvej.dk\/index.php?rest_route=%2Fwp%2Fv2%2Fcomments&post=1642"}],"version-history":[{"count":1,"href":"https:\/\/jmknudsensvej.dk\/index.php?rest_route=\/wp\/v2\/pages\/1642\/revisions"}],"predecessor-version":[{"id":1643,"href":"https:\/\/jmknudsensvej.dk\/index.php?rest_route=\/wp\/v2\/pages\/1642\/revisions\/1643"}],"wp:attachment":[{"href":"https:\/\/jmknudsensvej.dk\/index.php?rest_route=%2Fwp%2Fv2%2Fmedia&parent=1642"}],"curies":[{"name":"wp","href":"https:\/\/api.w.org\/{rel}","templated":true}]}}